0*a**3. Calculate o(15).
-6
Let w(y) = y**2 + y - 1. Let b(r) = -r**2 + r - 1. Let c(g) = 2*b(g) + w(g). Let s(t) = -t**2 - 62*t - 282. Let d be s(-57). Give c(d).
-3
Let d(o) = -o**3 - 18*o**2 - 32*o - 10. Let y(p) = 3*p**3 + 54*p**2 + 93*p + 28. Let s(j) = 17*d(j) + 6*y(j). Give s(-17).
49
Let r(s) = 2*s**3 - 3*s**2 + 5*s + 1. Let a(g) = 1 + 2*g**3 + 10*g + g**3 - 20*g**2 - 30*g**2 + 45*g**2. Let m(u) = 3*a(u) - 5*r(u). Calculate m(3).
-14
Let m(k) = -2*k - 6. Let r be m(-3). Let a(x) = -2*x**3 - x**2 + 36. Let p be a(r). Suppose g = p - 31. Let t(j) = -j**3 + 4*j**2 + 6*j - 7. Give t(g).
-2
Let f = 4 + -4. Suppose f = 13*i - 10*i - 12. Let y(p) = p - 11. Let g(t) = -t + 10. Let c(o) = -5*g(o) - 4*y(o). Calculate c(i).
-2
Let f(k) = 8*k + 131*k - 158 - 128 - 76*k + 10*k. What is f(4)?
6
Let r be (40 - 2/2)*-1 + -4. Let g = r + 50. Let w(d) = -g + 34*d**2 + 6*d - 3*d - 33*d**2. Give w(-5).
3
Let h(x) = -5427 + x**3 + 5*x**2 - 2*x + 3*x + 5424. Suppose 2*s + 0 = -10. What is h(s)?
-8
Let a = 1397 + -1385. Let y(h) = h**2 - 14*h + 20. Give y(a).
-4
Let l(b) be the first derivative of b**2 - 7*b + 8. Let m = -42 + 47. Suppose 4*c = -5*u + 45, -m*u + 19 = 2*c - 16. What is l(c)?
3
Suppose 715 = -25*r - 4385. Let y = 200 + r. Let v(h) = -h**2 + 1. Calculate v(y).
-15
Let y(d) = 34*d - 646. Let o(a) = 7*a - 129. Let q(z) = 16*o(z) - 3*y(z). What is q(15)?
24
Let l(b) = -b - 5. Let a(r) be the first derivative of r**3/3 - 7*r**2/2 + r - 82. Let z be a(2). Give l(z).
4
Let m(j) = 0 + 2 - 206*j + 203*j - 4. Suppose -4*y - 3*y - 77 = 0. Determine m(y).
31
Let t(m) = 8*m - 26. Let r(j) = j**2 + 119*j - 2307. Let p be r(17). What is t(p)?
14
Let k(q) be the second derivative of -q**5/5 + q**4/4 - 2*q**3/3 + q**2/2 + 6099*q. What is k(1)?
-4
Let l(u) = -5*u**2 - 106. Let i(k) = -2*k**2 - k - 1. Let d(j) = -3*i(j) + l(j). Let q(a) be the first derivative of d(a). Calculate q(-2).
-1
Let j = 86 - 77. Let i(z) = -3*z**3 + 234 + 6*z + 236 + 4*z**3 - 448 - 10*z**2. Determine i(j).
-5
Suppose -61*t + 329 - 1305 = 0. Let p(n) = -3*n - 65. What is p(t)?
-17
Let x(o) = 3*o**2 + 5*o + 8. Suppose -4*s + 23 = -3*u + 31, 4*u - 3*s = 13. Give x(u).
76
Let m(v) = -v. Suppose 22*w - 23 = 21. Let d(f) = -4*f - 1. Let u(k) = w*d(k) - 7*m(k). Calculate u(5).
-7
Suppose 49*q - 9 = 48*q. Let h(y) = -y**2 + 7*y + 19. Let t be h(q). Let u(i) = 4*i. Give u(t).
4
Suppose 2*g = 25 + 21. Let i = g - 19. Suppose 0 = 3*d - i*a + 2, 0*d + a = d + 1. Let q(j) = -j**2 + 3*j + 2. Calculate q(d).
-8
Let r(o) be the first derivative of -o**4/12 - o**2/2 - 18*o + 7. Let k(q) be the second derivative of r(q). Suppose -2*f + 2 + 4 = 0. Give k(f).
-6
Let d(k) = -k**3 + 5*k**2 - 3*k + 4. Let r be d(4). Let v(g) = -2*g - 319. Let p(n) = -n - 214. Let l(i) = 3*p(i) - 2*v(i). Determine l(r).
4
Let k(p) be the first derivative of -5*p + 1/3*p**3 - 1/2*p**2 + 31. Determine k(4).
7
Let w be (2/(-4) - -1)/(61 + 4275/(-70)). Let h(n) = n**2 - 2*n + 2. What is h(w)?
65
Suppose 2*n + 5 = 3*n, b - 11 = -n. Suppose -3*t = -6*t - b. Let r(y) = 6*y + 24 - 14 - 9. Give r(t).
-11
Let y(n) = -n + 7. Let z(k) = 2*k - 20. Let r(f) = 8*y(f) + 3*z(f). Suppose -5*a = 5*h + 45, 3*a - 12 = 7*a - 2*h. Determine r(a).
6
Let r(a) = -12*a**2 + 15*a - 3. Let u(o) = 7*o**2 - 8*o + 1. Let p(l) = -5*r(l) - 9*u(l). Give p(2).
-12
Let k(f) = 5*f**2 - 5*f + 7. Suppose -18*u - 15*u + 46*u = 26. Determine k(u).
17
Let v(p) = 3*p**2 + 59*p + 30. Let q be (-7 + 11/2)*(-342)/(-27). Give v(q).
-8
Let k(m) = m**3 + 7*m**2 - 9*m - 6. Suppose 12*n = 5*n + 21. Suppose 44 = -n*r - 5*z, -r = -4*z + 2 - 10. Determine k(r).
2
Let o(y) = -39*y**3 + y**2 - y - 1. Let d(m) = -2*m**3 + 132*m**2 - 130*m + 1. Let i be d(65). What is o(i)?
-40
Let r(u) = 14*u - 11*u + 1357*u**3 - 11*u**2 + 1 - 1356*u**3. What is r(11)?
34
Let r(m) = -m**2 - 23*m - 26. Let k be r(-22). Let t be (6/9)/(k/(-402)). Let l = t - 64. Let j(q) = -q**2 + 2*q - 1. Calculate j(l).
-4
Let p(j) = -6482*j + 18*j**2 + 6483*j - 2 - 5 + 2*j**3 + 1 - 4*j**3. Determine p(9).
3
Let j(u) be the third derivative of u**6/120 + u**5/15 + u**4/12 + 5*u**3/2 + 120*u**2 - 7. What is j(-4)?
7
Suppose 5*t = 17*l - 20*l + 232, 4*l + 4 = 0. Suppose -4*w = -5*y - 217, 4*w + 111 + 77 = -4*y. Let q = y + t. Let r(b) = 3*b**2 - 4*b + 2. Give r(q).
6
Suppose 18*s = 100 - 28. Suppose -4*t - 1 = -2*h - 19, -3*t + 26 = -s*h. Let f(m) = 5*m - 5. Determine f(t).
5
Let s be (-2)/(-9) - 830/90. Let h(n) = 3*n**2 + 6*n - 2. Let o(v) = -10*v**2 - 16*v + 5. Let l be (6/8 + (-62)/8)/1. Let q(a) = l*h(a) - 2*o(a). What is q(s)?
13
Let c(n) be the second derivative of -n**5/20 + 7*n**4/12 + n**3 - 7*n**2/2 + 427*n + 9. Let x be (1*7)/(0 - -1). Give c(x).
35
Let w(i) = 27*i + 34. Let c be w(-1). Let n(t) = -6*t - 9*t - t**2 - c*t + 16*t - 5 - 1. Calculate n(-5).
-1
Suppose 2*v = -5*j - 33 - 15, 3*v - 4 = 2*j. Let n(u) be the second derivative of u**5/20 + 3*u**4/4 + 3*u**3/2 + 7*u**2/2 + 2*u + 5. Give n(j).
-1
Let r(j) = 2*j + 5. Let a = 18 + -194. Let l = a - -176. Give r(l).
5
Let k(p) = -p + 1. Let f(d) = d**3 + 5*d**2 - 7*d - 31. Let s be f(-5). Suppose 8*x = s*x - 4*n - 20, -5*x - 4*n = 25. Calculate k(x).
6
Let i(s) = 2*s**3 - 36*s**2 - 36*s - 36. Let f be i(19). Let j(v) = v**3 - 2*v**2 + 3*v - 1. Determine j(f).
5
Let u(d) = -6*d - 10 - 2*d + 3 - d**2. Let l(k) = 124 + 10*k - 67 - 214. Let q be l(15). What is u(q)?
0
Let h(q) = 2*q**2 + 26*q + 59. Let c be h(-17). Let d be 1/(-8) + 4 + c/(-40). Let l(y) = 6*y**2 - 3*y - 3. Determine l(d).
6
Let n(s) = 2*s - 7. Let y be n(6). Let r(t) = t**2 - 4*t - 3. Let q be r(5). Let l(w) = -4 + 6*w - 4 - 2 + 6 - w**q. Calculate l(y).
1
Let c(g) = 2*g - 5. Suppose -56*m + 43*m - 1456 = 0. Let f = -109 - m. What is c(f)?
1
Suppose 107 = 3*c + 4*v, v - 71 - 39 = -3*c. Let w = c - 25. Let m be w*(-1 - 0)/2. Let r(q) = q**3 + 6*q**2 - q - 5. Calculate r(m).
1
Let i = -14 - -27. Let u = -9 + i. Let l(z) be the third derivative of z**4/12 - z**3/6 + 3768*z**2. Give l(u).
7
Let f(j) = 2*j**3 - 69*j**2 - 34*j - 16. Let w be f(35). Suppose 3*v = g - 4, 13*g - w = 18*g - 2*v. Let b(u) = -4*u + 5. What is b(g)?
25
Let v = 341 - 317. Suppose 100*p - 106*p + v = 0. Let b(t) = -2*t**2 + 4*t + 5. What is b(p)?
-11
Suppose 0 = -u - 8 - 37. Let i = 47 + u. Suppose -5*b - 2*t = -7, t = i*b - b. Let d(n) = -12*n**3 + 2*n**2 - 2*n + 1. Determine d(b).
-11
Let w(t) = 7*t**2 + 3*t - 4. Let f(u) be the second derivative of -5*u**4/6 - 2*u**3/3 + 3*u**2 - 4*u - 3. Let m(l) = -5*f(l) - 7*w(l). Give m(-4).
18
Let s(z) = -z + 1. Let v(b) be the first derivative of -3*b**2/2 + b + 30. Let o(j) = 4*s(j) - v(j). Determine o(-6).
9
Suppose 0 = -5*g - 3*i - 40, 57*g + 3*i + 35 = 47*g. Let v(d) be the second derivative of -8*d**3/3 + d**2/2 + d. Calculate v(g).
-15
Let z(w) be the third derivative of w**4/24 + 2*w**3 - 51*w**2 - 12. Calculate z(14).
26
Let o(q) = q**2 + 4*q - 35. Let a(d) = 3*d**3 - 103*d**2 + 41*d - 234. Let m be a(34). Calculate o(m).
-3
Let f be ((-21)/70)/(3/(-45))*2. Let b(v) = 8*v - 47. Let u(i) = -4*i + 23. Let n(x) = -2*b(x) - 5*u(x). What is n(f)?
15
Suppose -4*i = -13 + 5. Let b(f) = -21*f**2 - f + 17. Let p(w) = 4*w**2 - 3. Let c(h) = i*b(h) + 11*p(h). Let t = -53 + 55. Give c(t).
5
Suppose -24*s = 13*s + 10 - 84. Let z(f) be the third derivative of 0*f + 1/3*f**3 + 0 - 10*f**s - 1/6*f**4. What is z(6)?
-22
Let l(z) be the second derivative of 4*z**3/3 - 36*z**2 + 142*z - 7. Calculate l(7).
-16
Let l(v) = 7*v**3 + 13*v**2 + 7*v - 5. Let s(k) = k**3 + k**2 - 1. Let i(r) = l(r) - 6*s(r). Let o = -4771 + 4765. Give i(o).
-5
Let c = -1 + 6. Let f(p) = p**3 - 6*p**2 + 5*p + 7. Let j be f(c). Let s(k) = 38*k - 276. Let y(x) = -5*x + 36. Let h(d) = -3*s(d) - 23*y(d). What is h(j)?
7
Let w(r) = -r - 9. Let k(t) = -266 + 542 - 275. Let g(f) = -2*k(f) - w(f). Calculate g(-6).
1
Let c(i) be the third derivative of -i**5/60 + 5*i**4/12 - 13*i**3/3 + 2724*i**2. What is c(12)?
-50
Let w(f) = 15*f**2 - 38*f + 28. Let a(i) = i**2 - i + 4. Let z(s) = -5*a(s) + w(s). Let x be z(3). Let n(l) = -9*l**2 + 2*l + 1. Give n(x).
-10
Let n(o) = -2*o**2 + 15*o - 5. Suppose 66*u = -16*u - 195 + 605. Calculate n(u).
20
Let w(n) = n**3 - 3*n**2 - 2*n + 1. Let p(d) = d**2 + 4*d - 19. Let i be p(-7). S